 the tens digit of 3804563975?
7
What is the hundred millions digit of 160267405?
1
What is the thousands digit of 69858979?
8
What is the ten millions digit of 132193083?
3
What is the millions digit of 253172695?
3
What is the units digit of 22125677?
7
What is the ten millions digit of 1110970337?
1
What is the hundred millions digit of 129074962?
1
What is the tens digit of 209450231?
3
What is the units digit of 67637601?
1
What is the tens digit of 1090446950?
5
What is the thousands digit of 838596602?
6
What is the millions digit of 11540224?
1
What is the thousands digit of 90029900?
9
What is the millions digit of 179043446?
9
What is the units digit of 2658660084?
4
What is the tens digit of 128909971?
7
What is the hundred millions digit of 307139463?
3
What is the units digit of 2986311089?
9
What is the hundred millions digit of 411302558?
4
What is the hundred millions digit of 2481835581?
4
What is the millions digit of 62208249?
2
What is the hundred millions digit of 2674840288?
6
What is the hundred millions digit of 1763429924?
7
What is the hundred thousands digit of 436789498?
7
What is the hundreds digit of 323202346?
3
What is the millions digit of 413773236?
3
What is the thousands digit of 671985500?
5
What is the ten thousands digit of 20936146?
3
What is the hundred thousands digit of 144081848?
0
What is the tens digit of 9338141?
4
What is the millions digit of 42352270?
2
What is the ten millions digit of 40300429?
4
What is the hundreds digit of 197122706?
7
What is the thousands digit of 2767377230?
7
What is the hundred thousands digit of 369883936?
8
What is the hundreds digit of 95261712?
7
What is the thousands digit of 62022803?
2
What is the hundred thousands digit of 370191723?
1
What is the ten thousands digit of 206123846?
2
What is the millions digit of 352143618?
2
What is the units digit of 1545467183?
3
What is the units digit of 68520519?
9
What is the hundreds digit of 54318668?
6
What is the millions digit of 23272531?
3
What is the tens digit of 233581802?
0
What is the millions digit of 291478247?
1
What is the ten millions digit of 61994917?
6
What is the thousands digit of 1597013548?
3
What is the units digit of 365279291?
1
What is the tens digit of 7648103559?
5
What is the thousands digit of 40474204?
4
What is the hundred thousands digit of 366838207?
8
What is the ten thousands digit of 719906136?
0
What is the hundreds digit of 237349156?
1
What is the hundreds digit of 25544678?
6
What is the hundreds digit of 193601602?
6
What is the ten thousands digit of 186190640?
9
What is the ten thousands digit of 87699416?
9
What is the ten millions digit of 90823698?
9
What is the thousands digit of 71420405?
0
What is the millions digit of 134220005?
4
What is the billions digit of 3322069018?
3
What is the ten thousands digit of 128211907?
1
What is the units digit of 82375857?
7
What is the tens digit of 26833016?
1
What is the tens digit of 1286906178?
7
What is the hundreds digit of 28858084?
0
What is the ten millions digit of 1113665549?
1
What is the hundred thousands digit of 255902096?
9
What is the tens digit of 2971479227?
2
What is the units digit of 477522023?
3
What is the billions digit of 1118256266?
1
What is the ten thousands digit of 156744001?
4
What is the hundreds digit of 46606325?
3
What is the thousands digit of 273307317?
7
What is the thousands digit of 54254998?
4
What is the millions digit of 2821220255?
1
What is the ten millions digit of 278049754?
7
What is the billions digit of 1019321842?
1
What is the hundreds digit of 38098622?
6
What is the tens digit of 5390449445?
4
What is the hundred millions digit of 7294870685?
2
What is the millions digit of 2278340501?
8
What is the thousands digit of 161726842?
6
What is the units digit of 42608424?
4
What is the millions digit of 73683267?
3
What is the ten thousands digit of 11381575?
8
What is the hundred thousands digit of 9739419?
7
What is the ten thousands digit of 56712162?
1
What is the ten thousands digit of 138056978?
5
What is the tens digit of 18025193?
9
What is the ten millions digit of 54975461?
5
What is the ten thousands digit of 4263349024?
4
What is the units digit of 44301580?
0
What is the thousands digit of 758657092?
7
What is the millions digit of 235740874?
5
What is the hundreds digit of 5213075926?
9
What is the ten millions digit of 675270975?
7
What is the thousands digit of 4036085260?
5
What is the ten millions digit of 451693412?
5
What is the thousands digit of 176002416?
2
What is the ten thousands digit of 682090230?
9
What is the thousands digit of 75488018?
8
What is the units digit of 118844053?
3
What is the ten thousands digit of 4424510319?
1
What is the ten millions digit of 21941602?
2
What is the hundred millions digit of 534225141?
5
What is the hundred millions digit of 1244898036?
2
What is the units digit of 38741878?
8
What is the hundred millions digit of 629968932?
6
What is the ten millions digit of 32388222?
3
What is the ten millions digit of 995478829?
9
What is the hundred millions digit of 748031912?
7
What is the hundred millions digit of 1492237184?
4
What is the units digit of 274985142?
2
What is the millions digit of 960881164?
0
What is the units digit of 661699839?
9
What is the hundred thousands digit of 1101080037?
0
What is the ten millions digit of 183295756?
8
What is the thousands digit of 3723087?
3
What is the ten millions digit of 238106922?
3
What is the ten thousands digit of 65055026?
5
What is the ten millions digit of 47795171?
4
What is the tens digit of 52326089?
8
What is the millions digit of 293427001?
3
What is the tens digit of 758146258?
5
What is the millions digit of 724935938?
4
What is the tens digit of 3923227144?
4
What is the hundred thousands digit of 237664077?
6
What is the hundreds digit of 264026636?
6
What is the ten millions digit of 1451340874?
5
What is the tens digit of 57718176?
7
What is the thousands digit of 91182639?
2
What is the ten millions digit of 98623963?
9
What is the millions digit of 169273816?
9
What is the ten thousands digit of 79600100?
0
What is the millions digit of 1868000766?
8
What is the billions digit of 6843996308?
6
What is the units digit of 2846904089?
9
What is the ten millions digit of 33782360?
3
What is the tens digit of 4637699954?
5
What is the ten thousands digit of 28183936?
8
What is the millions digit of 5920533007?
0
What is the units digit of 1641911593?
3
What is the thousands digit of 358125116?
5
What is the ten thousands digit of 1387005751?
0
What is the ten thousands digit of 81218619?
1
What is the billions digit of 4518660669?
4
What is the millions digit of 106109486?
6
What is the ten millions digit of 60917904?
6
What is the hundreds digit of 1492341833?
8
What is the ten millions digit of 67444481?
6
What is the hundred thousands digit of 122386441?
3
What is the ten thousands digit of 2956435026?
3
What is the ten thousands digit of 360805785?
0
What is the ten thousands digit of 1659758327?
5
What is the tens digit of 160704560?
6
What is the thousands digit of 149209944?
9
What is the hundreds digit of 16047003?
0
What is the ten thousands digit of 75643538?
4
What is the ten thousands digit of 784034284?
3
What is the millions digit of 2448364796?
8
What is the ten thousands digit of 3781091886?
9
What is the millions digit of 58386776?
8
What is the hundred thousands digit of 476340126?
3
What is the millions digit of 863432472?
3
What is the tens digit of 66481623?
2
What is the billions digit of 1960866551?
1
What is the units digit of 31437856?
6
What is the tens digit of 3566772342?
4
What is the hundred thousands digit of 51153676?
1
What is the ten thousands digit of 87984729?
8
What is the ten millions digit of 2637924506?
3
What is the hundred thousands digit of 163319304?
3
What is the ten millions digit of 546912681?
4
What is the tens digit of 2989626738?
3
What is the tens digit of 6284036953?
5
What is the tens digit of 20585778?
7
What is the hundred thousands digit of 172967089?
9
What is the millions digit of 59476069?
9
What is the units digit of 222229792?
2
What is the billions digit of 1253283480?
1
What is the hundred millions